26
Calculate the remainder when 38276 is divided by 1367.
0
What is the remainder when 61498 is divided by 326?
210
What is the remainder when 3987 is divided by 6?
3
What is the remainder when 3696 is divided by 418?
352
What is the remainder when 346767 is divided by 601?
591
Calculate the remainder when 2487 is divided by 166.
163
What is the remainder when 71804 is divided by 1495?
44
What is the remainder when 7734 is divided by 195?
129
Calculate the remainder when 48343 is divided by 12083.
11
What is the remainder when 78171 is divided by 606?
603
Calculate the remainder when 26687 is divided by 5196.
707
What is the remainder when 4180 is divided by 1009?
144
Calculate the remainder when 1287 is divided by 43.
40
Calculate the remainder when 40642 is divided by 132.
118
What is the remainder when 28347 is divided by 28214?
133
Calculate the remainder when 45987 is divided by 451.
436
What is the remainder when 14169 is divided by 72?
57
What is the remainder when 1779 is divided by 1521?
258
Calculate the remainder when 1164 is divided by 375.
39
What is the remainder when 13052 is divided by 134?
54
Calculate the remainder when 54639 is divided by 23.
14
Calculate the remainder when 952872 is divided by 34.
22
Calculate the remainder when 243974 is divided by 2837.
2829
What is the remainder when 15768 is divided by 105?
18
Calculate the remainder when 92473 is divided by 33.
7
What is the remainder when 10275 is divided by 29?
9
What is the remainder when 3240 is divided by 56?
48
Calculate the remainder when 90125 is divided by 6437.
7
Calculate the remainder when 69450 is divided by 86.
48
Calculate the remainder when 10286 is divided by 488.
38
What is the remainder when 541912 is divided by 55?
52
Calculate the remainder when 2433267 is divided by 40.
27
Calculate the remainder when 91229 is divided by 91218.
11
Calculate the remainder when 4949 is divided by 66.
65
Calculate the remainder when 19478 is divided by 331.
280
What is the remainder when 170463 is divided by 37?
4
Calculate the remainder when 138956 is divided by 965.
961
What is the remainder when 64582 is divided by 39?
37
Calculate the remainder when 22192 is divided by 165.
82
Calculate the remainder when 1712 is divided by 1052.
660
Calculate the remainder when 4376 is divided by 25.
1
What is the remainder when 115013 is divided by 88?
85
Calculate the remainder when 5354 is divided by 270.
224
What is the remainder when 38336 is divided by 55?
1
Calculate the remainder when 3572 is divided by 3320.
252
What is the remainder when 19503 is divided by 29?
15
What is the remainder when 9793 is divided by 240?
193
What is the remainder when 4281 is divided by 537?
522
What is the remainder when 652509 is divided by 10875?
9
What is the remainder when 53412 is divided by 46?
6
Calculate the remainder when 968 is divided by 18.
14
Calculate the remainder when 38436 is divided by 4268.
24
Calculate the remainder when 1135 is divided by 837.
298
Calculate the remainder when 54001 is divided by 67.
66
What is the remainder when 1962 is divided by 116?
106
Calculate the remainder when 2476 is divided by 455.
201
Calculate the remainder when 27631 is divided by 165.
76
Calculate the remainder when 3794276 is divided by 21.
17
Calculate the remainder when 55647 is divided by 332.
203
Calculate the remainder when 5378 is divided by 2669.
40
What is the remainder when 6033 is divided by 359?
289
Calculate the remainder when 7266 is divided by 452.
34
Calculate the remainder when 1031010 is divided by 156.
6
Calculate the remainder when 10015 is divided by 754.
213
What is the remainder when 126111 is divided by 14?
13
What is the remainder when 16799 is divided by 8370?
59
What is the remainder when 6486 is divided by 360?
6
What is the remainder when 13345 is divided by 2666?
15
Calculate the remainder when 996248 is divided by 366.
362
Calculate the remainder when 49597 is divided by 64.
61
Calculate the remainder when 367331 is divided by 118.
115
Calculate the remainder when 1962 is divided by 262.
128
What is the remainder when 6961 is divided by 250?
211
Calculate the remainder when 55282 is divided by 7893.
31
What is the remainder when 15249 is divided by 193?
2
What is the remainder when 1579 is divided by 708?
163
What is the remainder when 149113 is divided by 2?
1
Calculate the remainder when 258 is divided by 29.
26
What is the remainder when 9560 is divided by 280?
40
Calculate the remainder when 173003 is divided by 668.
659
What is the remainder when 11330 is divided by 76?
6
What is the remainder when 288853 is divided by 878?
869
Calculate the remainder when 154341 is divided by 68.
49
Calculate the remainder when 5001 is divided by 356.
17
What is the remainder when 468927 is divided by 234456?
15
Calculate the remainder when 3687 is divided by 278.
73
Calculate the remainder when 75867 is divided by 1686.
1683
Calculate the remainder when 4223458 is divided by 258.
256
What is the remainder when 195945 is divided by 27?
6
What is the remainder when 41198 is divided by 349?
16
What is the remainder when 127318 is divided by 618?
10
Calculate the remainder when 11998 is divided by 632.
622
Calculate the remainder when 7139 is divided by 901.
832
What is the remainder when 231401 is divided by 7?
2
Calculate the remainder when 19887 is divided by 120.
87
Calculate the remainder when 8049 is divided by 35.
34
Calculate the remainder when 23898 is divided by 96.
90
Calculate the remainder when 4994 is divided by 243.
134
Calculate the remainder when 86518 is divided by 31.
28
What is the remainder when 759 is divided by 247?
18
Calculate the remainder when 1393186 is divided by 7.
4
Calculate the remainder when 48577 is divided by 215.
202
What is the remainder when 463865 is divided by 42?
17
Calculate the remainder when 9407 is divided by 2351.
3
Calculate the remainder when 3127 is divided by 205.
52
What is the remainder when 6505193 is divided by 262?
257
Calculate the remainder when 16221 is divided by 624.
621
What is the remainder when 120726 is divided by 1245?
1206
What is the remainder when 15997 is divided by 53?
44
Calculate the remainder when 314121 is divided by 7305.
6
What is the remainder when 3048 is divided by 140?
108
What is the remainder when 57591 is divided by 1405?
1391
What is the remainder when 19020 is divided by 16?
12
Calculate the remainder when 1345 is divided by 243.
130
Calculate the remainder when 3881 is divided by 41.
27
What is the remainder when 85248 is divided by 42618?
12
Calculate the remainder when 1155545 is divided by 79.
12
What is the remainder when 2698 is divided by 766?
400
What is the remainder when 57117 is divided by 272?
269
What is the remainder when 259494 is divided by 199?
197
Calculate the remainder when 130824 is divided by 16.
8
What is the remainder when 588 is divided by 188?
24
Calculate the remainder when 3322182 is divided by 79.
74
What is the remainder when 7831 is divided by 244?
23
Calculate the remainder when 46624 is divided by 1084.
12
What is the remainder when 6836 is divided by 6796?
40
Calculate the remainder when 133358 is divided by 154.
148
Calculate the remainder when 88974 is divided by 454.
444
Calculate the remainder when 81478 is divided by 3259.
3
What is the remainder when 257839 is divided by 51565?
14
Calculate the remainder when 38334 is divided by 855.
714
Calculate the remainder when 88857 is divided by 194.
5
What is the remainder when 1038 is divided by 181?
133
Calculate the remainder when 1101 is divided by 299.
204
Calculate the remainder when 32987 is divided by 599.
42
Calculate the remainder when 8335 is divided by 19.
13
What is the remainder when 294012 is divided by 7?
5
What is the remainder when 10376 is divided by 30?
26
Calculate the remainder when 966 is divided by 71.
43
What is the remainder when 2958 is divided by 229?
210
What is the remainder when 2608171 is divided by 17?
14
Calculate the remainder when 3881 is divided by 228.
5
Calculate the remainder when 648 is divided by 10.
8
Calculate the remainder when 2217 is divided by 74.
71
Calculate the remainder when 11604 is divided by 54.
48
Calculate the remainder when 27423 is divided by 914